 is -3 - 7 - (-36 - -40) - 0?
-14
What is the value of 1 - (2 - 16) - (-818 + 827)?
6
Calculate -8 + 0 + (-5 + 6 - -5) + -10.
-12
What is 3 - (-8 - (-3 + -14))?
-6
Evaluate (-31 + 61 - 58) + 21.
-7
What is the value of -19 + -4 + 10 - 2?
-15
What is the value of (-3 + 7 + -16 - -8) + -1?
-5
Calculate (0 + -1 - (15 - 15 - -4)) + -5.
-10
(17 - 27 - -15 - 45) + 9
-31
Evaluate 8 - (-9 + 25 - 28).
20
What is 0 - (-3 + -1) - ((-6 - 1) + 10)?
1
1 - 3 - (52 + -12 + -21)
-21
Calculate 8 + (4 - (-3 + -9 + 11)).
13
Calculate -8 - ((35 - 17) + -16).
-10
Calculate 4 + (-8 - (-11 - (9 + -5))).
11
Calculate -4 + (-4 - (-4 + 2 + 3 + 2)).
-11
What is 30 + -26 + 13 + (-1 - 1)?
15
Evaluate 8 - (29 - 43 - (5 + 0)).
27
What is -25 - (-42 - (-45 + 14) - (0 + -3))?
-17
Calculate -23 - (47 - 107) - 14.
23
What is the value of -77 + 66 - (7 - 2)?
-16
What is the value of (-20 - 0) + -11 + 12 + (1 - 5)?
-23
Evaluate -3 + (2 - (-14 - -11)).
2
What is (15 + -43 - -8) + 12?
-8
Evaluate (-16 - -4 - -24) + 0.
12
What is (-2 - -1) + -6 - (0 - -4 - -3)?
-14
What is 14 + (34 - 30 - (-1 - -13)) + 2?
8
Evaluate (33 - (11 - -46)) + 45.
21
Evaluate 18 - (-5 + -8 + 13).
18
What is (30 - 24 - (21 - 3)) + 27?
15
What is 5 + -3 + 0 - (-13 - (1 - 5))?
11
What is the value of -5 - (-4 + (-10 + 5 - 5) - -6)?
3
0 - 0 - (-14 - -28) - (12 + -13)
-13
20 + -17 + -16 + -4
-17
11 - (16 - (16 + 0))
11
-4 + (-24 - 3) - (33 + (-6 - 26))
-32
What is the value of 11 + (-18 + 23 - 24)?
-8
Evaluate (14 + -6 - (0 - -1)) + 47 + -61.
-7
Calculate 27 - (10 + (0 - 5)) - 9.
13
Calculate -12 + (-4 + 9 + -10 - (3 - 1)).
-19
(0 - 0 - -6) + -353 + 325
-22
0 + -2 - ((16 - 34) + (-2 - -3))
15
-5 + -3 - (-5 - -6) - -15
6
Evaluate (-28 - -13 - -14) + (2 - 8).
-7
Calculate (23 - 30) + 1 + (1 - 1 - 16).
-22
Evaluate -316 + 309 + (28 - 2) + 3.
22
What is 43 - 60 - ((-3 - 2) + 2)?
-14
Calculate -9 - (-1 + -1 - (41 + -32)).
2
Calculate 0 + 4 + 11 + (12 - (15 + -1)).
13
Calculate -21 + 7 + -1 + 0 + -166 + 165.
-16
What is the value of 13 - (-1 - 1 - -22)?
-7
Evaluate (15 - 5) + -5 + -6 - (3 + 11).
-15
-10 + (17 - -8) - (8 + 0)
7
(1 - -10) + 2 + -21 + 19
11
What is 26 - (22 + -47 + 29)?
22
Calculate 5 + 3 + -10 + 9 - 1.
6
2 - (1 + 8) - (16 - 18 - 1)
-4
What is (5 + -18 - (3 - 28)) + -32?
-20
What is (-4 - 3) + 9 - 7?
-5
Calculate 17 - (35 + (-10 - 3)).
-5
What is ((2 - 5) + 1 - (-2 - -6)) + 2?
-4
Evaluate -23 + -1 + (8 - (3 + -5)) + -11.
-25
Evaluate (16 - 25 - 14) + 7.
-16
What is the value of -28 + 34 + (-51 - -25)?
-20
What is the value of (0 - 11) + 2 - (159 - 151)?
-17
What is the value of -1205 - -1208 - (1 + 4)?
-2
What is 5 + -14 + (3 - 2) + 6 + -3?
-5
What is -25 + -2 + 41 + (1 - -5) + 8?
28
What is -2 - 2 - (-12 - (-2 + -2 + -1))?
3
What is 7 + -2 - (11 + (-2 - 0))?
-4
What is (-3 + 10 - 7 - 7 - -26) + 3?
22
What is the value of -8 - (9 + 3 + -2 + 5 + -3)?
-20
What is the value of 4 - 16 - (-1 + (-3 + 6 - 5))?
-9
What is (1 - 14) + (-19 - -20)?
-12
Evaluate (1 - (37 + -7)) + 14 + (-13 - -6).
-22
(11 + -21 - -7) + 23
20
What is (-110 - -96) + -2 + -7?
-23
Calculate (-2 + 15 - -6) + -2 + 13.
30
-9 - 100 - -119 - (1 + 6 + -1)
4
Calculate 15 + 2 + 0 + (-10 - 17) + 23.
13
Evaluate 11 - ((-26 + 14 - -47) + -9).
-15
Evaluate -5 - (-3 - 3) - 17.
-16
4 + -6 + -1 + 5 + -1 - 13
-12
Evaluate (12 + -19 - -21) + (8 - 48).
-26
What is 1 - 5 - (-12 - (-14 - -11))?
5
What is (-3 - 4) + (-3 - -4 - -15)?
9
Calculate (-25 - -33) + (-11 - 0) - 3.
-6
Evaluate -46 - -45 - -4 - (29 + 2).
-28
-19 - -45 - (2 + 16)
8
32 - -1 - (-11 + (1 - 5) + 10)
38
2 + -4 + -3 + 4 - (-2 - -2)
-1
Calculate -1 + (-3 - (-4 - -12)) + 6.
-6
Calculate 1 - (1 - -1 - (2 + 8 + -5)).
4
Evaluate -36 + 9 + 14 - -24.
11
What is -1 - -3 - -7 - 15 - 4?
-10
What is the value of -9 - 0 - (-5 - -4) - (-80 + 41)?
31
(3 - (3 - 2)) + (1 - (0 + 4))
-1
What is the value of (4 - 19) + 0 + 9 + -22?
-28
What is the value of 6 + (2 - 0 - (-3 - -8) - -1)?
4
Calculate (3 - (-9 + (-5 - -3) + 8)) + 6.
12
What is the value of 25 - (-26 + 41 + 33)?
-23
What is the value of (33 - 58) + 54 + -2 + (-2 - -1)?
26
What is the value of (-4 - (2 - 17)) + -22?
-11
Calculate 0 - (-10 - -6) - (-3 + 7 - -2).
-2
What is the value of -17 + 18 - (15 - 3)?
-11
-10 - (-21 - -12 - -5)
-6
What is (-1 - -3) + 10 + -10 + 7?
9
Evaluate 2 - (2 - -7) - ((51 - 33) + -26).
1
Calculate -37 + 20 + 9 + -5.
-13
Calculate (-1 - 0) + (13 - 0) + 2.
14
What is the value of (-8 - (4 + 2 + -1)) + 9?
-4
What is 1 + 8 - (767 - 755)?
-3
What is 0 - -5 - (-66 - -56)?
15
8 - 0 - ((16 - 30) + 16 + -8)
14
38 - 33 - (-1 + (27 - 6) - -7)
-22
Evaluate 1 + (5 - 2) + 6 + (0 - 3).
7
Calculate 1 + 0 - (-11 + 0).
12
What is -1 + (-3 + 39 - 45)?
-10
Calculate 5 - (10 - 4) - 3 - (-3 + -13).
12
What is the value of -16 + 26 - (-1 + 1)?
10
What is -1 + -7 + 142 + -149 + 16?
1
What is the value of -23 - (11 + (-19 - 2))?
-13
Evaluate -9 - ((2 + 10 - 9) + 8 - 10).
-10
What is the value of (-16 - -6) + 2 - -21?
13
Evaluate 3 + 11 - (9 + -5 + -2 - -1).
11
What is -7 + -7 + 11 + -6 - (-32 + 31)?
-8
-28 + 14 + (-6 - -9)
-11
What is 9 + -12 + 20 + -11 + (-2 - 6)?
-2
Calculate 30 + -30 + 49 + -18.
31
What is -39 + 63 - 36 - (18 - 2)?
-28
-173 + 168 + (0 - (2 - (3 + -3)))
-7
Calculate -9 + -7 + 14 + (2 - 7) + 6.
-1
Calculate -8 + 0 - (-2 - 0 - (-221 + 239)).
12
What is the value of 7 - ((23 - 21) + 15)?
-10
What is 17 - 1 - (5 - -15)?
-4
(-1 - -1) + (14 - 1) + (-4991 - -4999)
21
What is (5 - 10 - (12 - 3)) + 11?
-3
Evaluate -1 + -13 - (-34 - -29).
-9
Evaluate (14 - 29) + 20 + -23.
-18
0 - (10 + 12 + -23)
1
Evaluate (-5 - (-13 - -32) - -14) + 12.
2
2 - (5 + -15 + 7) - (-1 - 1)
7
11 - 19 - -31 - 21
2
What is the value of 1 + (-2 + 9 - 1) - 8?
-1
Calculate 37 - (-19 - 5 - -43).
18
(27 - 28) + (2 - 15)
-14
What is the value of -22 - (1 + (-14 - 5) + 16)?
-20
What is 224 - 226 - (-1 - ((-1 - 5) + 0))?
-7
4 + (7 - (9 - 19))
21
What is the value of 12 - ((0 - (6 - 7) - 0) + 2)?
9
Calculate -10 + (36 - 32) + -23.
-29
Calculate -2 - (-3 + (-7 - (-8 - -1))).
1
Evaluate 28 - ((-19 - 20) + 56).
11
What is the value of (-11 - 0 - -9) + 35 - -5 - 11?
27
What is (-17 - -9 - -2) + 2 + -3?
-7
What is -4 + (11 + -3 - 5) + -5?
-6
Calculate -19 - (-10 - (-10 + -9 + 3)).
-25
-5 + -1 + 23 - 22
-5
(207 - 217) + 0 + 8
-2
What is the value of 0 + 2 - (-1 + 55 + -31 - 31)?
10
What is (10 - (12 - 0)) + -10?
-12
What is 46 + -50 + 14 + -5 + (0 - -3)?
8
Evaluate 5 + 5 - (-5 - (-28 - -12)).
-1
7 + -13 - (12 - 22)
4
Evaluate 7 + (12 - (3 - -14)).
2
What is (9 - 15) + (6 - -3)?
3
Calculate (10 - 1 - (-8 - 4)) + (-4 - 2).
15
What is -14 - (-9 - 1 - (129 + -134))?
-9
Evaluate -2 + 11 + -4 + 6 + 2.
13
6 + 1 + 4 + (32 - 3)
40
(1 - (-10 + 9)) + -12
-10
What is the value of (9 - (-2 - -4)) + -9?
-2
Evaluate (-1 - 0) + -4 + (6 - (28 + -22)).
-5
What is the value of -8 + (-2 - (-13 - (-11 + 7)))?
-1
Calculate -34 - (-41 - -14) - (-26 + 0 + 0).
19
What is the value of (2 + (5 - 6) - -4) + (5 - -3)?
13
Evaluate (2 - 17) + (-28 + 3 - -27).
-13
Evaluate -57 - -37 - (-1 + -4).
-15
Calculate -4 - (0 - (-9 - 2)).
-15
What is 58 + (-34 - (-4 + -20 + 9))?
39
What is (3 - 10) + 0 + -11 + 5?
-13
0 + -27 - -6 - -12
-9
What is the value of 2 + (-7 - -8) - (-11 - -9)?
5
What is the value of -24 + -2 + 61 + -52 + 3?
-14
0 + 4 + (-11 - (-16 + -3))
12
What is 13 + -9 - (3 + (3 - 11)) - 8?
1
Evaluate -7 + -7 + -1 + (-3 - 5) + 3.
-20
Evaluate (-2 - -21) + -17 - (-3 + 1).
4
What is 22 + (30 - 80 - -27)?
-1
Evaluate 0 + (-1 + 2 - (15 - 28 - -6)).
8
Calculate (-1 - (-5 + 13 + -1)) + 2 + 9.
3
Evaluate 37 + -31 + (-5 - -23).
24
What is (2 - 1 - 2) + 22 - 10?
11
Evaluate 190 + -203 - (-1 + -17).
5
Calculate 134 + -133 + (0 - 1) + 5 + -1.
4
What is the value of 8 - ((3 - (8 - 9)) + -2)?
6
What is the value of 62 + -88 - (3 + -42)?
13
Evaluate -6 + -1 + 5 + -4 - 7.
-13
What is (-5 - (-5 + -10)) + 1?
11
Calculate 7 - (43 - 77) - 13.
28
Calculate (5 - 7) + -6 + (-3 - -5) - -14.
8
Evaluate -8 + -12 + -7 - -41.
14
What is the value of 8 - 0 - (10 + -11)?
9
What is -3 + -1 + (17 - (-8 - 2)) - 6?
17
Evaluate -10 + -9 + (30 - 11).
0
Evaluate 3 + -1 + (3 - -5 - (38 + -36)).
8
1 + 2 + -10 - (40 + -33 - 8)
-6
Calculate 26 + 1 + -947 + 951.
31
9 - (11 - (-11 - -11 - -1))
-1
Calculate (-13 + 1 - -14) + 9 - 13.
-2
Evaluat